 44*n - 122. Give x(-4).
-58
Let l(i) = 517*i - 536. What is l(1)?
-19
Let u(o) = 4*o**2 - 634*o - 2397. Determine u(162).
-129
Let b(z) = -z**3 + 110*z**2 + 3. Determine b(110).
3
Let v(f) = -124*f - 9919. Give v(-80).
1
Let n(k) = 135*k**3 + 811*k**2 + k - 37. Calculate n(-6).
-7
Let j(a) = 163*a - 12871. What is j(79)?
6
Let r(s) = 71*s**2 + 7*s + 5. Determine r(0).
5
Let x(r) = 70*r - 1300. Calculate x(9).
-670
Let d(l) = 2*l**3 - 2*l**2 - 4*l + 235. What is d(0)?
235
Let f(i) = i**3 + 62*i**2 - 363*i + 129. What is f(5)?
-11
Let n(x) = -98*x**2 - 6270*x + 140. What is n(-64)?
12
Let d(n) = n**3 + 38*n**2 - 364*n - 4409. Calculate d(-44).
-9
Let w(q) = -q**2 - 2397*q - 119651. What is w(-51)?
-5
Let s(v) = -70*v + 281. What is s(0)?
281
Let o(l) = -l**2 - 85*l + 555. Calculate o(7).
-89
Let y(r) = -74*r - 246. What is y(2)?
-394
Let f(a) = 2*a**2 - 37*a + 131. Determine f(5).
-4
Let g(j) = -3*j**3 + 251*j**2 + 83*j + 84. Give g(84).
0
Let j(i) = 2*i**3 + 13*i**2 - 11*i + 11. What is j(-6)?
113
Let w(u) = -u**2 + 33*u - 119. Determine w(31).
-57
Let i(j) = -27*j + 2. Calculate i(2).
-52
Let j(a) = 409*a - 5729. What is j(14)?
-3
Let z(k) = 15178*k + 409803. What is z(-27)?
-3
Let q(z) = 3*z**3 - 250*z**2 + 349*z - 1721. Calculate q(82).
1
Let p(b) = 294*b - 2354. Calculate p(8).
-2
Let s(t) = 845*t + 2. What is s(0)?
2
Let g(b) = 11*b + 116. Calculate g(-16).
-60
Let j(q) = 11*q + 389. Give j(-36).
-7
Let s(t) = -614*t + 17809. Calculate s(29).
3
Let x(j) = -j**2 - 321*j - 23601. Calculate x(-114).
-3
Let g(o) = 5*o**3 + 12*o**2 - 7*o + 24. Determine g(4).
508
Let b(z) = -z**3 + 9*z**2 + 18*z - 52. Determine b(10).
28
Let t(k) = 85*k + 24. Determine t(3).
279
Let i(l) = -12*l + 277. Calculate i(25).
-23
Let f(w) = -120*w - 883. Give f(-7).
-43
Let p(b) = -8*b**2 + 342*b + 395. Give p(44).
-45
Let f(j) = -138*j + 1795. Determine f(9).
553
Let r(m) = -12*m**2 + 39*m + 112. Give r(-3).
-113
Let r(o) = -173*o - 3239. Calculate r(-19).
48
Let i(m) = -72*m - 904. Give i(-13).
32
Let a(i) = 49*i - 2063. Determine a(42).
-5
Let t(l) = -l**3 - l**2 + 12*l + 44. Calculate t(-3).
26
Let f(h) = -h**3 + 23*h**2 - 27*h + 136. Determine f(22).
26
Let b(f) = -f**2 + 10*f + 39. Determine b(15).
-36
Let t(b) = -10*b**3 - b**2 - 10*b + 11. Give t(4).
-685
Let n(z) = 112*z**2 - 15*z - 14. Calculate n(-1).
113
Let x(n) = 49*n - 2806. What is x(58)?
36
Let h(v) = -20*v**2 - 187*v + 124. Determine h(-10).
-6
Let k(g) = 4*g**2 + 37*g + 9. Calculate k(-9).
0
Let l(b) = 1346*b + 131910. Determine l(-98).
2
Let p(d) = -d**3 - 3*d**2 + 37*d + 206. Give p(-7).
143
Let a(z) = -36*z**2 - 364*z + 364. Determine a(-11).
12
Let i(r) = -4*r**2 - 63*r - 42. What is i(-15)?
3
Let r(l) = -29*l + 3299. Calculate r(114).
-7
Let c(n) = -n**3 + 10*n**2 + 55*n + 451. Determine c(16).
-205
Let b(i) = 5*i + 427. What is b(-86)?
-3
Let a(w) = w**2 + 604*w + 3575. What is a(-6)?
-13
Let t(b) = -120*b + 294. Determine t(-7).
1134
Let t(z) = z**3 + 24*z**2 + 86*z + 77. Give t(-20).
-43
Let t(o) = o**2 + 100*o - 8940. Calculate t(-157).
9
Let q(j) = -j**3 - 148*j**2 + 452*j - 163. Determine q(-151).
-12
Let q(j) = j**2 + 33*j + 237. Give q(-12).
-15
Let q(v) = 6*v + 33. What is q(4)?
57
Let n(u) = -35*u - 888. What is n(-27)?
57
Let a(y) = y**2 + 24*y - 14. Calculate a(-19).
-109
Let d(r) = r**3 + 32*r**2 + 82*r - 20. Determine d(-29).
125
Let y(z) = -14*z**2 - 144*z + 119. Give y(-10).
159
Let s(d) = d**3 + 6*d**2 - 8*d - 2. What is s(-7)?
5
Let y(o) = -3487*o - 27841. Determine y(-8).
55
Let s(f) = -16*f + 824. Determine s(51).
8
Let c(l) = -3*l**2 - 8*l - 9. Determine c(3).
-60
Let o(j) = -157*j + 912. Determine o(3).
441
Let k(x) = x**2 - 24*x - 154. Give k(-13).
327
Let c(q) = -34*q - 613. Give c(-12).
-205
Let j(l) = 2*l**3 - 7*l**2 - 23*l + 63. What is j(7)?
245
Let m(y) = 8*y**3 + 2*y**2 + 89*y + 87. Give m(-1).
-8
Let r(s) = s**2 - 33*s + 199. Give r(13).
-61
Let p(m) = m**2 + 18*m - 1150. Determine p(-44).
-6
Let o(m) = -m**3 + 44*m**2 - 427*m - 16. Calculate o(14).
-114
Let y(o) = -1231*o + 8613. What is y(7)?
-4
Let c(p) = -3126*p + 46874. Determine c(15).
-16
Let p(y) = 2*y**2 + 19*y + 217. Calculate p(0).
217
Let o(m) = 366*m + 4708. Calculate o(-13).
-50
Let d(g) = 3*g**2 + 186*g + 2787. Give d(-38).
51
Let l(v) = 3*v**2 - 129*v - 499. Give l(-4).
65
Let m(u) = -2*u**2 - 397*u - 19133. Determine m(-116).
7
Let u(i) = -i**3 + 9*i**2 + 3*i + 20. Calculate u(7).
139
Let l(i) = 29*i + 49. Give l(-10).
-241
Let q(s) = s**3 - 24*s**2 + 28*s + 12. Determine q(23).
127
Let c(b) = -b**3 - 42*b**2 + 148*b + 143. Give c(4).
-1
Let h(u) = -21*u**2 - 350*u + 125. Calculate h(-17).
6
Let r(b) = -10*b - 151. Give r(0).
-151
Let o(z) = -198*z**2 - 8*z - 11. Give o(2).
-819
Let h(o) = -133*o**3 + 10*o**2 + 16*o + 3. Calculate h(-2).
1075
Let v(k) = -k**3 + 4*k**2 + 55*k + 3. Calculate v(8).
187
Let k(h) = -67*h**2 - 183*h. Calculate k(-1).
116
Let u(j) = j**2 + 133*j - 1133. Calculate u(8).
-5
Let q(i) = i**2 - 548*i + 4333. Determine q(8).
13
Let i(b) = -3*b**3 - 14*b**2 + 26*b + 9. Give i(-8).
441
Let c(d) = d**3 - 39*d**2 + 2*d - 84. Determine c(39).
-6
Let x(t) = -92240*t + 92241. Give x(1).
1
Let o(c) = -130*c**2 - 25738*c + 399. Determine o(-198).
3
Let v(d) = 235*d + 953. What is v(-4)?
13
Let s(k) = k**3 - 6*k**2 + 19*k - 95. Calculate s(6).
19
Let b(c) = -c**3 - 82*c**2 + 3*c + 89. Give b(-82).
-157
Let x(k) = -2*k**2 + 278*k + 3614. What is x(-12)?
-10
Let c(f) = f**2 + 26*f - 472. Give c(-38).
-16
Let f(j) = j**2 + 63*j + 604. What is f(-18)?
-206
Let u(z) = z**3 + 23*z**2 - 3*z + 542. Determine u(-24).
38
Let s(p) = -3*p**3 + 4*p**2 - 31*p + 64. Determine s(2).
-6
Let j(s) = 1338*s + 5379. Determine j(-4).
27
Let h(f) = -117*f - 9. Determine h(-1).
108
Let i(q) = -q**2 - 104*q - 297. What is i(-3)?
6
Let v(w) = 54*w - 167. Give v(4).
49
Let c(r) = r**3 - 5*r**2 - 18*r + 6. What is c(7)?
-22
Let t(m) = m**2 - 14*m + 129. What is t(20)?
249
Let t(z) = -z**3 + 8*z**2 + 189*z + 634. What is t(-6)?
4
Let i(m) = -19*m - 37. Give i(0).
-37
Let d(s) = -14*s - 101. Give d(-7).
-3
Let o(t) = -169*t + 451. Determine o(4).
-225
Let s(n) = 37*n + 865. Calculate s(-23).
14
Let g(o) = -24*o - 953. What is g(-40)?
7
Let u(b) = 4*b**3 - 2*b**2 + b + 5. Determine u(2).
31
Let j(x) = -x**3 - 5*x**2 + 12*x - 23. Calculate j(-7).
-9
Let m(l) = -45*l + 189. Calculate m(5).
-36
Let f(j) = -j**3 + 13*j**2 - 35*j + 201. Determine f(11).
58
Let c(p) = -p**3 + 24*p**2 - 17*p - 15. Determine c(23).
123
Let m(s) = s**2 - 80*s + 1461. Give m(28).
5
Let s(k) = k**3 - 7*k**2 - 39*k + 6. Determine s(-3).
33
Let z(y) = -16*y**2 + y - 6. Determine z(1).
-21
Let j(a) = 42*a - 242. Calculate j(-3).
-368
Let k(y) = 4*y**2 - 89*y + 399. Give k(6).
9
Let x(d) = -2823*d + 16943. What is x(6)?
5
Let o(r) = r**2 + 3569*r - 60961. Give o(17).
1
Let d(t) = -2*t**2 - 28*t - 75. What is d(-10)?
5
Let m(u) = 41*u + 198. What is m(-5)?
-7
Let l(c) = -c**3 - 53*c**2 + 11*c + 3261. What is l(-52)?
-15
Let n(s) = -s**2 - 117*s - 2719. Give n(-85).
1
Let k(h) = 3*h**2 + 26*h + 36. Calculate k(-4).
-20
Let j(l) = -288*l - 298. What is j(-1)?
-10
Let w(i) = 235*i - 9. Determine w(0).
-9
Let m(t) = t**3 + 2*t**2 - 62*t - 1. Give m(-8).
111
Let p(y) = 15*y + 141. What is p(-18)?
-129
Let s(t) = -2298*t - 80445. Determine s(-35).
-15
Let d(l) = 3*l**2 + 7*l - 63. Calculate d(6).
87
Let m(q) = -q**3 - 11*q**2 + q + 193. Determine m(-6).
7
Let u(r) = -185*r + 12914. Calculate u(70).
-36
Let h(b) = b**3 - 17*b**2 + 93*b - 938. Calculate h(15).
7
Let h(x) = x**3 + 60*x**2 + 306*x - 104. Calculate h(-6).
4
Let k(z) = z**3 + 2*z**2 - 62*z - 19. What is k(7)?
-12
Let q(t) = -7*t**3 + 156*t**2 - 53*t + 231. What is q(22)?
33
Let q(n) = -2891*n + 43362. What is q(15)?
-3
Let o(a) = a**2 - 493*a + 54918. What is o(170)?
8
Let w(m) = -143*m - 1877. Determine w(-13).
-18
Let g(i) = 2*i**2 + 27*i + 127. What is g(-12)?
91
Let r(m) = -m**3 - 162*m**2 - 1092*m - 1085. What is r(-155)?
0
Let r(x) = -4*x**2 - 58*x + 81. Calculate r(-17).
-89
Let d(g) = -20*g**2 + 34*g + 13. Determine d(4).
-171
Let s(j) = 3*j**2 - 29*j - 61. What is s(11)?
-17
Let r(h) = -h**3 + 3*h**2 + 4*h - 5. Give r(3).
7
Let y(a) = 110*a - 3411. Determine y(31).
-1
Let v(x) = 